 = -2*b(k) - x(k). What are the prime factors of a(11)?
2, 43
Let q = -4 - -3. List the prime factors of 61*(-3 - (-5 - q)).
61
Suppose -15*i + 10726 = 5*m - 19*i, -2*m + 4304 = -5*i. List the prime factors of m.
2, 3, 7, 17
Let h(r) = 2*r**2 - 4*r - 1. Let i be h(3). Suppose i*c - 17 + 27 = 0. List the prime factors of c/6 + 280/12.
23
Suppose -5*b = -3*v + 10, -4*b = -4*v + b + 10. Let o be (-4 - -2)*(-57)/6. Suppose o = -v*n + n. List the prime factors of n.
19
Suppose -5*v = m - 6*m + 25, 0 = -5*m + 2*v + 28. Let i be -3 - m/(9/3). List the prime factors of ((-93)/(-6))/(i/(-10)).
31
List the prime factors of ((-27)/(-18) - (2 - 1))*408.
2, 3, 17
Suppose -4*j + j + 36 = 0. Let p be j/(-5)*(-8 + 3). Let h = -5 + p. List the prime factors of h.
7
Let h(a) = a**3 + 11*a**2 + 1. Let c be h(-11). List the prime factors of 158 + (6 - 4)/(3 - c).
3, 53
Suppose -4*w + 73 = -h, -2*w + w - 4*h = -31. Let d = w - -4. List the prime factors of d.
23
Suppose -5*g - 151 + 171 = 0. Suppose -z + 5*u + 34 + 112 = 0, 2*z + g*u = 278. What are the prime factors of z?
3, 47
Suppose 5*s = w + 141, s = 3*w + 5*s + 480. List the prime factors of (w/(-9))/((-4)/(-66)).
2, 11, 13
Let i be (23 - 2 - 2)/1. Suppose -5*s = -2*v - 50, -v - v = -s + 10. Let j = i - s. List the prime factors of j.
3
Suppose 3*s - 41 = 5*q - 12, 0 = -4*s - q + 8. Suppose -3*r + 1464 = s*r. List the prime factors of r.
2, 61
Let h(l) = l**2 - 6*l - 8. Let m be h(7). Let i(u) = -u + 2. Let z be i(m). Suppose q = 2*d + 22, z*q + 22 = 4*q + d. List the prime factors of q.
2, 11
Suppose x - 4*p + 3125 = -2*x, -x - 1055 = 2*p. What are the prime factors of (-2)/8 + (-5 - x/12)?
2, 41
Let s(y) = -44*y - 24. What are the prime factors of s(-5)?
2, 7
List the prime factors of 51/(-85) + (-8463)/(-5).
2, 3, 47
Suppose 0 = 5*m + 4*a - 306, 3*m + 2*a - 189 = 5*a. List the prime factors of m.
2, 31
Let a = -74 - -125. Suppose 3*w = 3*k + 99, -5*k = -2*w - 0*k + a. What are the prime factors of w?
2, 19
Let g = -79 + 82. Suppose 446 = 5*i + q, 93 = g*i - 2*i + 4*q. What are the prime factors of i?
89
Suppose a = 5*q + 93, 3*a + 29 = -4*q - 34. Let i(r) = -2*r - 16. List the prime factors of i(q).
2, 5
Let h = 87 - 27. List the prime factors of h*((-2)/(-5) + 0).
2, 3
Let a(p) = p**3 + 4*p**2 - 6*p. Let t be a(-4). Suppose t*w - 1872 = 15*w. List the prime factors of w.
2, 13
Let k(i) be the first derivative of 3*i**2/2 - i + 6. Let m(f) = f. Let p(o) = -k(o) + 5*m(o). What are the prime factors of p(7)?
3, 5
Let j(z) = 14 + 5*z + 31*z**2 + 3*z**2 - 32*z**2. What are the prime factors of j(9)?
13, 17
Suppose 5*g = -a + 3214, -4*g + 61*a + 2572 = 62*a. List the prime factors of g.
2, 3, 107
Suppose 12*h = 276 + 1500. List the prime factors of h.
2, 37
Let u(i) = -4*i**3 - i**2 + 2*i. Let v be u(-2). Let t(m) = -m**2 - 4*m + 9. Let b be t(-6). Let y = v + b. List the prime factors of y.
3, 7
List the prime factors of 1625/3 + (-2)/(-18)*3.
2, 271
List the prime factors of 17/((-4)/80*-2) + 1.
3, 19
Let h(f) be the first derivative of -f**4/4 + 7*f**3 - 29*f**2/2 - 33*f - 31. What are the prime factors of h(19)?
2, 3, 23
Let v = -32 - -38. Suppose 204 = 10*a - v*a. What are the prime factors of a?
3, 17
Let r = -5 + 10. Suppose f + 0*d = -3*d + 15, -r*d = -15. What are the prime factors of f?
2, 3
Suppose 4*d + h - 9 = d, 0 = -h. Suppose -7 = d*k - 19. Suppose 0 = 3*q + 12, -6*q + q = -k*u + 128. What are the prime factors of u?
3
Suppose -4 = 2*u - 5*q - 0*q, -4*q + 2 = -2*u. Suppose -5*j + u = -m, m + j - 2*j + 23 = 0. Let g = -6 - m. List the prime factors of g.
2, 11
Let p = 7399 - 3365. List the prime factors of p.
2, 2017
Suppose -2*u - 151 = -39. Let d = u - -98. List the prime factors of d.
2, 3, 7
Let w be (20/(-12))/((-2)/6). Suppose -w*t - 783 = -14*t. What are the prime factors of t?
3, 29
Let f(l) = -l**2 - 3*l + 6. Let n be f(-4). Suppose -4*v + 170 = 5*z, -v + 68 = n*z - 0*v. List the prime factors of z.
2, 17
Let s = 4 - 6. Let z(h) = 1206 - 1203 - 2*h - 2*h - 3*h. What are the prime factors of z(s)?
17
Let u(y) = 177*y - 847. What are the prime factors of u(23)?
2, 13, 31
Suppose b = 2*u - 30 + 173, 708 = 5*b - 3*u. What are the prime factors of b?
3, 47
Suppose 4*z - 104 = 3*g, -103 = -9*z + 4*z - 3*g. Suppose -6*y + 2*y + 28 = 0. Let t = z + y. What are the prime factors of t?
2, 3, 5
Let m be 36/30*(-340)/(-6). Let i = -3 + m. What are the prime factors of i?
5, 13
Let l(f) = f**3 - f**2 + f - 4. Let u(x) = 4*x**2 + x. Let q(p) = p**2 + 3*p - 11. Let h be q(-5). Let c be u(h). What are the prime factors of l(c)?
17
Suppose -z + 559 = -l, -z + 6*l + 562 = 8*l. List the prime factors of z.
2, 5, 7
Let f(a) = -2*a + 25. Let h = 42 - 33. List the prime factors of f(h).
7
Let h be 1/3 - (-308)/12. Let z = h + -19. What are the prime factors of z?
7
Suppose 0 = 9*q + 165 + 123. Let k = q + 257. List the prime factors of k.
3, 5
Suppose -2*l - 2894 = -2*b - 4*l, -4353 = -3*b + l. List the prime factors of b.
2, 5, 29
Let v be 0/((-2)/(-4)*-6). Suppose 2*o + 0*s + 3*s - 98 = v, 4*o - 5*s - 218 = 0. Suppose 0 = -n - 3*n + 16, -o = -2*m + n. List the prime factors of m.
2, 7
Let i(y) = -6*y + 5 + 5*y - 4*y. Let u be i(5). Let q = u + 30. What are the prime factors of q?
2, 5
Suppose 0 = -2*a + i - 81, i - 47 = a - 8. What are the prime factors of (-6558)/(-34) + a/(-357)?
193
Suppose 538 = -14*b + 7216. What are the prime factors of b?
3, 53
Suppose 69*v - 27*v = 33138. What are the prime factors of v?
3, 263
Let h(f) be the second derivative of 5*f**3/2 + f**2/2 + 132*f. Suppose 0 = a - 3*a - 3*r, -a = 4*r + 5. What are the prime factors of h(a)?
2, 23
Suppose 3*v - 4*v - 479 = -q, -4*q + 2*v = -1924. What are the prime factors of q?
3, 7, 23
Suppose -z - 6*r + 587 = -7*r, 3*r + 2343 = 4*z. Suppose 19*d + z = 22*d. What are the prime factors of d?
2, 97
Suppose -12*k + 711 + 3765 = 0. What are the prime factors of k?
373
Let v(c) = -c**3 - 5*c**2 + 5*c - 5. Let l be v(-6). Suppose 5 + l = 4*j + 2*d, -2*d = 2*j - 8. Let s(i) = -29*i**3 - 1. What are the prime factors of s(j)?
2, 7
Let t(i) = -6*i - 3. Let p be t(-3). Suppose p = -c + 6*c. Suppose -f = -6*f - 5, -c*f + 43 = r. List the prime factors of r.
2, 23
Suppose -106 + 1 = -5*i + 5*k, 75 = 5*i + 5*k. Let j be (3 - i)*(-48)/10. Suppose 2*h = -20 + j. List the prime factors of h.
2, 13
Let x = 5 - 5. Suppose x*n - 5*n = -10. Suppose n = 2*i - 4. What are the prime factors of i?
3
Let t = -22 + 76. What are the prime factors of t?
2, 3
Let a be (1*22)/(6 - (-8)/(-2)). Suppose -a*w = -7*w - 844. List the prime factors of w.
211
Suppose 0 = 2*w + 3*w - 4*f - 32, 3*f = 5*w - 34. Let j be w/(-32) + (-18)/(-8). Suppose 5*b + 86 = j*x + 14, -2*b - 4 = 0. List the prime factors of x.
31
What are the prime factors of (18 + 4)*((-63)/9 + 27)?
2, 5, 11
Let z(b) = b**3 + 7*b**2 + 6*b. Let r be z(-6). Suppose r = -2*t + 8 - 2. Suppose -4*d + 132 - 16 = -4*m, t*m - 93 = -3*d. What are the prime factors of d?
2, 3, 5
List the prime factors of (-8)/36 - -3*(-5140)/(-135).
2, 3, 19
Let o = -24 - 34. Let a = o - -107. List the prime factors of (-4)/((-8)/2) + a.
2, 5
What are the prime factors of (535/10 + 0)*18?
3, 107
Suppose 33*t - 45763 = 10601. List the prime factors of t.
2, 7, 61
List the prime factors of (12 + -10)*922/4.
461
Let n = -4 - -27. Suppose 39*m = 32*m + 28. Let j = n - m. What are the prime factors of j?
19
Let x be 6 + -292 - (0/1 - 1). Let h = 483 + x. What are the prime factors of h?
2, 3, 11
Let i(d) = d**3 - 6*d**2 + d - 13. Let t be i(6). Let p(k) = -3*k - 1 + 6 - k**2 - 4*k. List the prime factors of p(t).
5
Suppose 7*f = 10*f. Suppose -80 = -5*n - f*n. What are the prime factors of n?
2
Let x(s) = -s**2 + 6*s - 2. Let o be x(6). What are the prime factors of o/(5 + -7)*227?
227
Let v(a) = -a**2 - 4. Let n be v(-3). Let m = 27 + -49. Let w = n - m. What are the prime factors of w?
3
Let q be 4 - (0 + 2)/2. Suppose -4*j + 249 = -q*o, 5*o - 4*o = 4*j - 259. What are the prime factors of j?
2, 3, 11
Let k(l) = 7*l + 36. Suppose -2*h + 31 = 5*a - 10, -h + 1 = -4*a. What are the prime factors of k(h)?
127
Suppose 0 = -5*w + 2*p - 3*p + 4527, -4*w - 4*p + 3628 = 0. List the prime factors of w.
5, 181
Let r(j) = -16*j - 1. Let i be r(-